(53 - 10))?
18
Suppose -20 = 5*b - k, -12 = b + 5*k + 18. Calculate the remainder when ((-16)/b)/(4/190) is divided by (124/(-16))/(2/(-8)).
28
Let h(z) = -5*z + z**2 - 9 - 26*z + 30*z. Calculate the remainder when 48 is divided by h(6).
6
Suppose 3*n + n = 16. Suppose 0 = -u + 3*h + 6, -23 = -u + 5*h - 15. Suppose -3*j = f - 68 - 26, u*f = -j + 34. Calculate the remainder when j is divided by n.
3
Suppose -a = -4*w + 289, -8*w - a - 143 = -10*w. Calculate the remainder when 2553 is divided by w.
71
Suppose 0*q + 879 = 3*q + 3*k, -2*k - 1136 = -4*q. What is the remainder when q is divided by 45?
17
Suppose -820 = -131*v + 111*v. Suppose 4*p - 402 = -3*o - 90, 3*p = -4*o + 234. What is the remainder when p is divided by v?
37
Suppose 3*z - 91 = -34. Suppose 3*f + z = 283. Suppose -169*n = 211 + 1089 - 6539. What is the remainder when f is divided by n?
26
Suppose -4*r - 4*u + 5*u = 27, -2*u + 14 = -3*r. Let g = 21 - r. Suppose -177*y = -33155 + 7844. What is the remainder when y is divided by g?
27
Let a(v) = 3*v**2 - 69*v + 436. What is the remainder when 21019 is divided by a(13)?
43
Suppose 0 = 7*f + 5*f. Let w be (1 + (f - 0))/(2/10). Suppose 20 = 2*p - 2*o + 3*o, o = -w*p + 47. Calculate the remainder when 25 is divided by p.
7
Let m(o) = o**2 - 1. Let k(b) = -5*b**2 + 29*b + 56. Let s(x) = -k(x) - 6*m(x). Calculate the remainder when s(-20) is divided by 27.
22
Suppose 1 = -3*h + 4*h. Suppose -3*p + 0*p + 3*b = -579, -4*p = -2*b - 782. Suppose 4*i + 190 = p. What is the remainder when i is divided by h?
0
Suppose 2*k + 68 = 3*p, 3*k - 4 = k. Let l be (p/150*-5)/((-2)/(-35)). Calculate the remainder when 41 is divided by 340/14 - ((-46)/l - 3).
17
Calculate the remainder when (6/4 - 1)/((-7)/(-1862)) is divided by 62.
9
Let a = -6427 + 6442. What is the remainder when 388 is divided by a?
13
Let u = 9373 + -9113. Calculate the remainder when u is divided by 72.
44
Suppose -3*j + 4*c = -478 - 494, 2*j - 5*c = 648. Calculate the remainder when j is divided by 25.
24
Let o(m) = -m**2 + 32*m - 195. What is the remainder when 124 is divided by o(20)?
34
Let i = -41 + 19. Let o = 31 + i. Let j(d) = -5*d**2 + 1204*d - 926. What is the remainder when j(240) is divided by o?
7
Calculate the remainder when (174/(-5))/(268/(-67670)) - 5 is divided by 24.
22
Let l = -27 - -26. Let f = -1 - l. Calculate the remainder when -1*(-41 + f) + -1 + 1 is divided by 15.
11
Suppose 4*z + 290 - 702 = 864. Calculate the remainder when z is divided by 56.
39
Let t = 406 - 382. Suppose -t = 2*v - 28. Calculate the remainder when 15*(1 + 2 + -2) is divided by v.
1
Let k = 83 - 80. Let n(l) = 8 + 6 + 7*l - k*l + l. What is the remainder when 83 is divided by n(3)?
25
Let x = 50 + -30. Let q(p) = 534*p + 1243. What is the remainder when q(-2) is divided by x?
15
Let x = -40 + 32. Let h be x/6*351/(-3) + -1. Suppose 0 = -5*i + 440 - h. Calculate the remainder when i is divided by 23.
11
Let v(p) = p**2 - p + 88. Let l(o) = -188*o - 1673. What is the remainder when v(0) is divided by l(-9)?
12
Suppose -102*o + 3770 = 104*o - 193*o. Calculate the remainder when o is divided by 25.
15
Let m = -220 - -421. Suppose 3*v - m = -63. Let t = -38 + v. What is the remainder when 29 is divided by t?
5
Suppose -3*f = -10*f + 5348. Suppose f = 9*n - 100. Suppose 99 = -93*m + n*m. Calculate the remainder when m is divided by 10.
3
Suppose -84*n - 100*n - 4*n + 3948 = 0. Suppose -20 = -4*c, 5*l + 2*c + 2*c - 725 = 0. Calculate the remainder when l is divided by n.
15
Let a(s) = s**3 - 10*s**2 + 8*s + 8. Let w be a(8). Let q = w - -78. Suppose q*j - 18*j - 24 = 0. What is the remainder when 15 is divided by j?
3
Suppose -4*c = -6*c - 58. Let y = -16 - c. What is the remainder when 350 is divided by y?
12
Suppose 0 = 2*r - 14. Let g be 5 - (-5)/(-30)*-2*-3. Calculate the remainder when (-114)/(-3)*g/8 is divided by r.
5
Let g = -54 + 84. Let l be -2 + g/5 - 0/1. Suppose 5*i - 493 = l*r, -4*i = r + r - 410. Calculate the remainder when i is divided by 34.
33
Suppose -97 = 4*o - 761. Let m = 19848 + -19831. What is the remainder when o is divided by m?
13
Let q(y) = -71*y - 30. What is the remainder when 6312 is divided by q(-1)?
39
Suppose 33*q - 23226 + 5589 = 23448. Calculate the remainder when q is divided by 409.
18
Suppose -36*x = -11264 + 8492. What is the remainder when 986 is divided by x?
62
Suppose -c - 21533 = -21819. What is the remainder when c is divided by 65?
26
Suppose -20 = -4*d, 5*d - 4*d = 3*k - 1468. Let y = k - 460. Calculate the remainder when y is divided by -2 + 0 + 21 + -2.
14
Calculate the remainder when 80/32*((-1 - 3) + 1144/20) is divided by 38.
19
Calculate the remainder when 6152 is divided by (6435/1716)/(10/432).
158
Let u(d) = -d**2 + 31*d - 200. What is the remainder when 526 is divided by u(10)?
6
Suppose -26 - 10 = -4*u. Suppose 0 = -2*r + 8*r. Suppose 3*h - 45 - 60 = r. Calculate the remainder when h is divided by u.
8
Suppose z - 45 = -2*k, -5*z + 183 = -23*k + 19*k. Calculate the remainder when z is divided by 25.
14
Suppose 3*f - 5*s + 947 = 2586, 2*f = -5*s + 1126. Let d = f + -192. What is the remainder when d is divided by 13?
10
Let g(q) = 14*q**3 - q + 1. Let j(x) = -x**2 - 28*x + 350. Let i = 2236 - 2273. Calculate the remainder when j(i) is divided by g(1).
3
Suppose 90 = -12*x + 6*x. Let q be -5*(-6)/(-9)*x/10. Suppose 3*i + 9 - 90 = -4*m, q*m = 0. What is the remainder when 161 is divided by i?
26
Let p = -20 + -3. Calculate the remainder when (-16)/32 + p/(-2) + 0 is divided by 6.
5
Let v(w) = -w - 1. Let l be v(-4). Suppose 3*q = 6*q - 81. What is the remainder when q is divided by (36/21)/(l - 38/14)?
3
Let o(u) = u**3 - 145*u**2 + 429*u - 181. What is the remainder when 643 is divided by o(142)?
153
Suppose -3*i - 4*i = 0. Suppose i = 5*g - 1193 + 148. What is the remainder when g is divided by 21?
20
Let g = 309 - 274. Suppose 5*r + 203 = -w, -10 = -r - 5*w - 65. Calculate the remainder when -18*g/r*32/6 is divided by 44.
40
Let z(p) = 70*p**3 + p**2 - 4*p + 2. Let q be z(1). Suppose 79*u - q*u - 2470 = 0. Calculate the remainder when u is divided by 8.
7
Let k be ((-6)/(-2) - (3 - -667)) + -5. Let o = 721 + k. Calculate the remainder when o is divided by 17.
15
Let a = 61 - 65. Let j(c) = -3*c - 8. Let l be j(a). Suppose l*s - 302 = -2*v, 0*s = -3*s - 3*v + 219. Calculate the remainder when s is divided by 16.
14
Suppose 5*k - 18*k = -5*k - 352. What is the remainder when 1890 is divided by k?
42
Suppose 124 - 40 = 4*u. Suppose -3*p + u = 4*p. Calculate the remainder when 33 is divided by 4*p/4*2.
3
Suppose -22*v = 2523 - 6791. Calculate the remainder when 1528 is divided by v.
170
Suppose 0 = -14*l + 23 + 47. Suppose -4*h - 42 = -l*t + 300, -3*t = 3*h - 216. Calculate the remainder when 137 is divided by t.
67
Suppose -2*j + j - 10 = -3*w, -4*w + 5*j = -28. Suppose w*u + 5*z - 1382 = -499, 2*u - 4*z = 874. What is the remainder when u is divided by 63?
61
Let y = 6517 - 6032. Calculate the remainder when y is divided by 16.
5
Let c(x) = 2*x**2 + 24 - 39*x**3 + 40*x**3 + 5*x - 11*x**2. Let m be c(8). Let q = m - -50. What is the remainder when q is divided by 28?
22
Suppose 20*d - 8*d - 1416 = 0. Calculate the remainder when d is divided by (-8)/(4 + -5) + 4.
10
Let r be 14 + 15 + (-1 - -1). Let w be -15 + 16 + (0 - -72). Suppose 4*v + r - w = 0. Calculate the remainder when 63 is divided by v.
8
Suppose -3*w = 3*b - 597, -5*b + 5*w + 985 = -0*w. Calculate the remainder when b is divided by 2.
0
Suppose 13 = -i + 4*h, -i + 5*h = 9*h - 27. Suppose d - i*d = -180. Calculate the remainder when d is divided by 18.
12
What is the remainder when 1985 is divided by 3*(-1077)/(-45) - 6/75*10?
68
Let i(c) = -169*c - 627. Calculate the remainder when 391 is divided by i(-4).
48
Let w(y) = -11*y + 226. Let o(p) = -3*p + 76. Let x(v) = 8*o(v) - 3*w(v). What is the remainder when 1289/9 - 4/18 is divided by x(11)?
27
Suppose b - 121 - 87 = 0. Suppose -b*s + 139 = -207*s. Calculate the remainder when s is divided by 3.
1
Suppose -543 + 71 = -4*w + 2*a, 5*a = 5*w - 580. What is the remainder when 578 is divided by w?
98
Let o(n) = -4 - 2*n**3 + 13 - 6 - 8*n - 7*n**2 + 0. Calculate the remainder when o(-7) is divided by 31.
30
Let y be ((-16)/